{"id":143,"date":"2017-12-14T18:57:39","date_gmt":"2017-12-14T18:57:39","guid":{"rendered":"https:\/\/www.holistic-bodywork.at\/?page_id=143"},"modified":"2017-12-14T18:58:05","modified_gmt":"2017-12-14T18:58:05","slug":"osteopatische-repositionstechniken","status":"publish","type":"page","link":"https:\/\/www.holistic-bodywork.at\/index.php\/osteopatische-repositionstechniken\/","title":{"rendered":"Osteopatische Repositionstechniken"},"content":{"rendered":"<p>Die AORT wurde in den USA von Dr. Lawrence Jones als &#8220;Counterstrain&#8221; entwickelt, die Abk\u00fcrzung steht f\u00fcr: Autonome Osteopatische RepositionsTechnik. Damit wird eine osteopathische Methode bezeichnet, die oft zur Anwendung kommt bei:<br \/>\nakuten und chronischen Schmerzzust\u00e4nden, Fehlstellungen und Bewegungseinschr\u00e4nkungen an Wirbels\u00e4ule und Gelenken.<br \/>\n<img loading=\"lazy\" decoding=\"async\" src=\"https:\/\/www.holistic-bodywork.at\/wp-content\/uploads\/2017\/12\/AORT.jpg\" alt=\"\" width=\"1280\" height=\"850\" class=\"alignnone size-full wp-image-78\" \/><\/p>\n<p>Die &#8220;AORT&#8221; ist auch ohne Risiko bei degenerativen Erkrankungen des Bewegungsapparates oder bei Osteoporose einsetzbar, begr\u00fcndet in der speziellen Technik: schonende, langsame Korrekturen durch sanften Druck und exakte Positionierung. Der K\u00f6rper wird durch kurzzeitige Verst\u00e4rkung der Fehlstellung dazu angeregt, diese selbst zu korrigieren (Reprogrammierung der Spindelzellen).<\/p>\n<p><strong>Bitte beachten Sie :<br \/>\nMeine Arbeit stellt keinen Ersatz f\u00fcr die \u00e4rztliche Diagnose und Behandlung einer Krankheit dar. Meine Betreuung kann daher nur ZUS\u00c4TZLICH, niemals ausschlie\u00dflich!, zu einer \u00e4rztlichen Betreuung in Anspruch genommen werden!<\/strong><\/p>\n","protected":false},"excerpt":{"rendered":"<p>Die AORT wurde in den USA von Dr. Lawrence Jones als &#8220;Counterstrain&#8221; entwickelt, die Abk\u00fcrzung steht f\u00fcr: Autonome Osteopatische RepositionsTechnik. Damit wird eine osteopathische Methode bezeichnet, die oft zur Anwendung kommt bei: akuten und chronischen Schmerzzust\u00e4nden, Fehlstellungen und Bewegungseinschr\u00e4nkungen an Wirbels\u00e4ule und Gelenken. Die &#8220;AORT&#8221; ist auch ohne Risiko bei degenerativen Erkrankungen des Bewegungsapparates oder &hellip; <\/p>\n<p class=\"link-more\"><a href=\"https:\/\/www.holistic-bodywork.at\/index.php\/osteopatische-repositionstechniken\/\" class=\"more-link\">Continue reading<span class=\"screen-reader-text\"> &#8220;Osteopatische Repositionstechniken&#8221;<\/span><\/a><\/p>\n","protected":false},"author":1,"featured_media":0,"parent":0,"menu_order":0,"comment_status":"closed","ping_status":"closed","template":"","meta":{"footnotes":""},"class_list":["post-143","page","type-page","status-publish","hentry"],"_links":{"self":[{"href":"https:\/\/www.holistic-bodywork.at\/index.php\/wp-json\/wp\/v2\/pages\/143","targetHints":{"allow":["GET"]}}],"collection":[{"href":"https:\/\/www.holistic-bodywork.at\/index.php\/wp-json\/wp\/v2\/pages"}],"about":[{"href":"https:\/\/www.holistic-bodywork.at\/index.php\/wp-json\/wp\/v2\/types\/page"}],"author":[{"embeddable":true,"href":"https:\/\/www.holistic-bodywork.at\/index.php\/wp-json\/wp\/v2\/users\/1"}],"replies":[{"embeddable":true,"href":"https:\/\/www.holistic-bodywork.at\/index.php\/wp-json\/wp\/v2\/comments?post=143"}],"version-history":[{"count":2,"href":"https:\/\/www.holistic-bodywork.at\/index.php\/wp-json\/wp\/v2\/pages\/143\/revisions"}],"predecessor-version":[{"id":145,"href":"https:\/\/www.holistic-bodywork.at\/index.php\/wp-json\/wp\/v2\/pages\/143\/revisions\/145"}],"wp:attachment":[{"href":"https:\/\/www.holistic-bodywork.at\/index.php\/wp-json\/wp\/v2\/media?parent=143"}],"curies":[{"name":"wp","href":"https:\/\/api.w.org\/{rel}","templated":true}]}}